{"id":20,"date":"2023-08-31T10:14:10","date_gmt":"2023-08-31T10:14:10","guid":{"rendered":"https:\/\/ccreadysites.cyberchimps.com\/physiotherapy\/?page_id=20"},"modified":"2024-03-26T13:47:15","modified_gmt":"2024-03-26T12:47:15","slug":"origenes","status":"publish","type":"page","link":"https:\/\/servidorfesa.com\/index.php\/origenes\/","title":{"rendered":"Origenes"},"content":{"rendered":"\t\t<div data-elementor-type=\"wp-page\" data-elementor-id=\"20\" class=\"elementor elementor-20\">\n\t\t\t\t\t\t<section class=\"elementor-section elementor-top-section elementor-element elementor-element-26e6efa elementor-section-height-full elementor-section-boxed elementor-section-height-default elementor-section-items-middle\" data-id=\"26e6efa\" data-element_type=\"section\" data-settings=\"{&quot;background_background&quot;:&quot;classic&quot;}\">\n\t\t\t\t\t\t<div class=\"elementor-container elementor-column-gap-default\">\n\t\t\t\t\t<div class=\"elementor-column elementor-col-50 elementor-top-column elementor-element elementor-element-217f078\" data-id=\"217f078\" data-element_type=\"column\">\n\t\t\t<div class=\"elementor-widget-wrap elementor-element-populated\">\n\t\t\t\t\t\t<div class=\"elementor-element elementor-element-61c81a8 elementor-widget__width-initial elementor-widget elementor-widget-heading\" data-id=\"61c81a8\" data-element_type=\"widget\" data-widget_type=\"heading.default\">\n\t\t\t\t<div class=\"elementor-widget-container\">\n\t\t\t\t\t<h1 class=\"elementor-heading-title elementor-size-default\">Quienos Somos<\/h1>\t\t\t\t<\/div>\n\t\t\t\t<\/div>\n\t\t\t\t<div class=\"elementor-element elementor-element-f34db05 elementor-widget elementor-widget-heading\" data-id=\"f34db05\" data-element_type=\"widget\" data-widget_type=\"heading.default\">\n\t\t\t\t<div class=\"elementor-widget-container\">\n\t\t\t\t\t<p class=\"elementor-heading-title elementor-size-default\">En 1954 los padres agustinos holandeses fundan el Colegio San Agust\u00edn en la ciudad de Cochabamba, con la misi\u00f3n de aportar a la Educaci\u00f3n y Desarrollo del Pa\u00eds.<br><br>\nCre\u00edan firmemente que la orientaci\u00f3n de la Educaci\u00f3n hacia las \u00e1reas t\u00e9cnicas y cient\u00edficas, pod\u00eda ser la llave para el desarrollo y progreso de los pueblos, m\u00e1s all\u00e1 del enfoque humanista que prevalec\u00eda en ese entonces y tambi\u00e9n en \u00e9pocas mas recientes.\n<br><br>\nDe ese modo el Colegio San Agust\u00edn nace como una instituci\u00f3n educativa orientada a las ciencias exactas y a las ramas t\u00e9cnicas, pues, adem\u00e1s de los cursos tradicionales de matem\u00e1ticas, f\u00edsica, qu\u00edmica, historia, etc., se impart\u00edan clases pr\u00e1cticas de carpinter\u00eda, electricidad y otros oficios.\n<br><br>\nLos padres agustinos holandeses ten\u00edan un objetivo claro: formar estudiantes con altas calificaciones acad\u00e9micas y t\u00e9cnicas, pero tambi\u00e9n con s\u00f3lidos valores \u00e9ticos y morales, siguiendo las ense\u00f1anzas y principios de la pedagog\u00eda agustiniana.\n<br><br>\nLuego de varios a\u00f1os de trabajo, los padres agustinos holandeses van delegando paulatinamente la administraci\u00f3n y la responsabilidad de la gesti\u00f3n del Colegio a profesores y profesionales bolivianos, hasta que en 1992, transfieren la propiedad de la instituci\u00f3n a la&nbsp;<strong>Fundaci\u00f3n Educacional San Agust\u00edn.<\/strong><\/p>\t\t\t\t<\/div>\n\t\t\t\t<\/div>\n\t\t\t\t\t<\/div>\n\t\t<\/div>\n\t\t\t\t<div class=\"elementor-column elementor-col-50 elementor-top-column elementor-element elementor-element-d374d0e\" data-id=\"d374d0e\" data-element_type=\"column\">\n\t\t\t<div class=\"elementor-widget-wrap\">\n\t\t\t\t\t\t\t<\/div>\n\t\t<\/div>\n\t\t\t\t\t<\/div>\n\t\t<\/section>\n\t\t\t\t<section class=\"elementor-section elementor-top-section elementor-element elementor-element-4fe9b9c elementor-section-boxed elementor-section-height-default elementor-section-height-default\" data-id=\"4fe9b9c\" data-element_type=\"section\" data-settings=\"{&quot;background_background&quot;:&quot;classic&quot;}\">\n\t\t\t\t\t\t<div class=\"elementor-container elementor-column-gap-default\">\n\t\t\t\t\t<div class=\"elementor-column elementor-col-100 elementor-top-column elementor-element elementor-element-e7c42c2\" data-id=\"e7c42c2\" data-element_type=\"column\">\n\t\t\t<div class=\"elementor-widget-wrap elementor-element-populated\">\n\t\t\t\t\t\t<div class=\"elementor-element elementor-element-e332b3b elementor-widget elementor-widget-text-editor\" data-id=\"e332b3b\" data-element_type=\"widget\" data-widget_type=\"text-editor.default\">\n\t\t\t\t<div class=\"elementor-widget-container\">\n\t\t\t\t\t\t\t\t\t<p>En los m\u00e1s de 70 a\u00f1os de vida institucional, el Colegio San Agust\u00edn ha construido y consolidado su nombre como una entidad educativa de prestigio a nivel nacional, fundamentado en el modelo acad\u00e9mico que aplica, basado en la profundidad y alcance de los contenidos curriculares impartidos, la exigencia sobre el rendimiento acad\u00e9mico, la aplicaci\u00f3n y fomento del razonamiento l\u00f3gico, la disciplina, responsabilidad y organizaci\u00f3n de los estudiantes.<\/p>\t\t\t\t\t\t\t\t<\/div>\n\t\t\t\t<\/div>\n\t\t\t\t\t<\/div>\n\t\t<\/div>\n\t\t\t\t\t<\/div>\n\t\t<\/section>\n\t\t\t\t<section class=\"elementor-section elementor-top-section elementor-element elementor-element-f7767fc elementor-section-boxed elementor-section-height-default elementor-section-height-default\" data-id=\"f7767fc\" data-element_type=\"section\" data-settings=\"{&quot;background_background&quot;:&quot;classic&quot;}\">\n\t\t\t\t\t\t<div class=\"elementor-container elementor-column-gap-default\">\n\t\t\t\t\t<div class=\"elementor-column elementor-col-50 elementor-top-column elementor-element elementor-element-8e14e60\" data-id=\"8e14e60\" data-element_type=\"column\">\n\t\t\t<div class=\"elementor-widget-wrap elementor-element-populated\">\n\t\t\t\t\t\t<div class=\"elementor-element elementor-element-ea6bb87 elementor-widget elementor-widget-heading\" data-id=\"ea6bb87\" data-element_type=\"widget\" data-widget_type=\"heading.default\">\n\t\t\t\t<div class=\"elementor-widget-container\">\n\t\t\t\t\t<h2 class=\"elementor-heading-title elementor-size-default\">Frutos<\/h2>\t\t\t\t<\/div>\n\t\t\t\t<\/div>\n\t\t\t\t<div class=\"elementor-element elementor-element-5bf3194 elementor-widget elementor-widget-image\" data-id=\"5bf3194\" data-element_type=\"widget\" data-widget_type=\"image.default\">\n\t\t\t\t<div class=\"elementor-widget-container\">\n\t\t\t\t\t\t\t\t\t\t\t\t\t\t\t<img fetchpriority=\"high\" decoding=\"async\" width=\"888\" height=\"1023\" src=\"https:\/\/servidorfesa.com\/wp-content\/uploads\/2024\/03\/IMG_0399.jpg\" class=\"attachment-full size-full wp-image-2707\" alt=\"\" srcset=\"https:\/\/servidorfesa.com\/wp-content\/uploads\/2024\/03\/IMG_0399.jpg 888w, https:\/\/servidorfesa.com\/wp-content\/uploads\/2024\/03\/IMG_0399-260x300.jpg 260w, https:\/\/servidorfesa.com\/wp-content\/uploads\/2024\/03\/IMG_0399-768x885.jpg 768w, https:\/\/servidorfesa.com\/wp-content\/uploads\/2024\/03\/IMG_0399-100x115.jpg 100w, https:\/\/servidorfesa.com\/wp-content\/uploads\/2024\/03\/IMG_0399-150x173.jpg 150w, https:\/\/servidorfesa.com\/wp-content\/uploads\/2024\/03\/IMG_0399-200x230.jpg 200w, https:\/\/servidorfesa.com\/wp-content\/uploads\/2024\/03\/IMG_0399-300x346.jpg 300w, https:\/\/servidorfesa.com\/wp-content\/uploads\/2024\/03\/IMG_0399-450x518.jpg 450w, https:\/\/servidorfesa.com\/wp-content\/uploads\/2024\/03\/IMG_0399-600x691.jpg 600w\" sizes=\"(max-width: 888px) 100vw, 888px\" \/>\t\t\t\t\t\t\t\t\t\t\t\t\t\t\t<\/div>\n\t\t\t\t<\/div>\n\t\t\t\t\t<\/div>\n\t\t<\/div>\n\t\t\t\t<div class=\"elementor-column elementor-col-50 elementor-top-column elementor-element elementor-element-7806927\" data-id=\"7806927\" data-element_type=\"column\">\n\t\t\t<div class=\"elementor-widget-wrap elementor-element-populated\">\n\t\t\t\t\t\t<div class=\"elementor-element elementor-element-01d7ba6 elementor-widget elementor-widget-heading\" data-id=\"01d7ba6\" data-element_type=\"widget\" data-widget_type=\"heading.default\">\n\t\t\t\t<div class=\"elementor-widget-container\">\n\t\t\t\t\t<p class=\"elementor-heading-title elementor-size-default\">De igual modo, uno de los factores fundamentales del \u00e9xito del modelo, radica en la transmisi\u00f3n de valores y principios morales de la pedagog\u00eda  agustiniana, inculcando a los estudiantes la constante b\u00fasqueda de la  verdad, la humildad, la comunidad y la solidaridad, entre otros.\n<br \/><br \/>\nEste enfoque de educaci\u00f3n integral, que busca formar j\u00f3venes valiosos para la sociedad, se complementa con actividades extracurriculares que promueve el Colegio, como el club de Deportes, el Club de Astronom\u00eda, la revista estudiantil Kantuta, el grupo Scout y el modelo de Asamblea de las Naciones Unidas.<\/p>\t\t\t\t<\/div>\n\t\t\t\t<\/div>\n\t\t\t\t<section class=\"elementor-section elementor-inner-section elementor-element elementor-element-61cc866 elementor-section-boxed elementor-section-height-default elementor-section-height-default\" data-id=\"61cc866\" data-element_type=\"section\">\n\t\t\t\t\t\t<div class=\"elementor-container elementor-column-gap-default\">\n\t\t\t\t\t<div class=\"elementor-column elementor-col-100 elementor-inner-column elementor-element elementor-element-7385981\" data-id=\"7385981\" data-element_type=\"column\">\n\t\t\t<div class=\"elementor-widget-wrap elementor-element-populated\">\n\t\t\t\t\t\t<div class=\"elementor-element elementor-element-00437ca elementor-widget elementor-widget-image-box\" data-id=\"00437ca\" data-element_type=\"widget\" data-widget_type=\"image-box.default\">\n\t\t\t\t<div class=\"elementor-widget-container\">\n\t\t\t\t\t<div class=\"elementor-image-box-wrapper\"><div class=\"elementor-image-box-content\"><p class=\"elementor-image-box-description\">La Fundaci\u00f3n Educacional San Agust\u00edn, siguiendo el principio de solidaridad y comunidad que caracteriza a los agustinos, tiene un programa de rebajas de pensiones escolares para aquellas familias que necesiten apoyo, en funci\u00f3n de su situaci\u00f3n socioecon\u00f3mica particular.  Las puertas del Colegio est\u00e1n abiertas para todos los j\u00f3venes talentos, sin importar su condici\u00f3n econ\u00f3mica ni social.<\/p><\/div><\/div>\t\t\t\t<\/div>\n\t\t\t\t<\/div>\n\t\t\t\t<div class=\"elementor-element elementor-element-804a924 elementor-widget__width-auto elementor-absolute elementor-widget elementor-widget-image\" data-id=\"804a924\" data-element_type=\"widget\" data-settings=\"{&quot;_position&quot;:&quot;absolute&quot;}\" data-widget_type=\"image.default\">\n\t\t\t\t<div class=\"elementor-widget-container\">\n\t\t\t\t\t\t\t\t\t\t\t\t\t\t\t<img decoding=\"async\" width=\"48\" height=\"48\" src=\"https:\/\/servidorfesa.com\/wp-content\/uploads\/2024\/03\/view-icon.png\" class=\"attachment-full size-full wp-image-2273\" alt=\"\" \/>\t\t\t\t\t\t\t\t\t\t\t\t\t\t\t<\/div>\n\t\t\t\t<\/div>\n\t\t\t\t\t<\/div>\n\t\t<\/div>\n\t\t\t\t\t<\/div>\n\t\t<\/section>\n\t\t\t\t\t<\/div>\n\t\t<\/div>\n\t\t\t\t\t<\/div>\n\t\t<\/section>\n\t\t\t\t<section class=\"elementor-section elementor-top-section elementor-element elementor-element-30930df elementor-section-boxed elementor-section-height-default elementor-section-height-default\" data-id=\"30930df\" data-element_type=\"section\" data-settings=\"{&quot;background_background&quot;:&quot;classic&quot;}\">\n\t\t\t\t\t\t\t<div class=\"elementor-background-overlay\"><\/div>\n\t\t\t\t\t\t\t<div class=\"elementor-container elementor-column-gap-default\">\n\t\t\t\t\t<div class=\"elementor-column elementor-col-100 elementor-top-column elementor-element elementor-element-61f0180\" data-id=\"61f0180\" data-element_type=\"column\">\n\t\t\t<div class=\"elementor-widget-wrap elementor-element-populated\">\n\t\t\t\t\t\t<section class=\"elementor-section elementor-inner-section elementor-element elementor-element-22a073f elementor-section-boxed elementor-section-height-default elementor-section-height-default\" data-id=\"22a073f\" data-element_type=\"section\">\n\t\t\t\t\t\t<div class=\"elementor-container elementor-column-gap-default\">\n\t\t\t\t\t<div class=\"elementor-column elementor-col-50 elementor-inner-column elementor-element elementor-element-0314e68\" data-id=\"0314e68\" data-element_type=\"column\">\n\t\t\t<div class=\"elementor-widget-wrap elementor-element-populated\">\n\t\t\t\t\t\t<div class=\"elementor-element elementor-element-f344447 elementor-widget elementor-widget-image-box\" data-id=\"f344447\" data-element_type=\"widget\" data-widget_type=\"image-box.default\">\n\t\t\t\t<div class=\"elementor-widget-container\">\n\t\t\t\t\t<div class=\"elementor-image-box-wrapper\"><div class=\"elementor-image-box-content\"><p class=\"elementor-image-box-description\">La Fundaci\u00f3n Educacional San Agust\u00edn, siguiendo el principio de solidaridad y comunidad que caracteriza a los agustinos, tiene un programa de rebajas de pensiones escolares para aquellas familias que necesiten apoyo, en funci\u00f3n de su situaci\u00f3n socioecon\u00f3mica particular.  Las puertas del Colegio est\u00e1n abiertas para todos los j\u00f3venes talentos, sin importar su condici\u00f3n econ\u00f3mica ni social.<\/p><\/div><\/div>\t\t\t\t<\/div>\n\t\t\t\t<\/div>\n\t\t\t\t\t<\/div>\n\t\t<\/div>\n\t\t\t\t<div class=\"elementor-column elementor-col-50 elementor-inner-column elementor-element elementor-element-59fb1f1\" data-id=\"59fb1f1\" data-element_type=\"column\">\n\t\t\t<div class=\"elementor-widget-wrap elementor-element-populated\">\n\t\t\t\t\t\t<div class=\"elementor-element elementor-element-67fb2af elementor-widget elementor-widget-image-box\" data-id=\"67fb2af\" data-element_type=\"widget\" data-widget_type=\"image-box.default\">\n\t\t\t\t<div class=\"elementor-widget-container\">\n\t\t\t\t\t<div class=\"elementor-image-box-wrapper\"><div class=\"elementor-image-box-content\"><p class=\"elementor-image-box-description\">A lo largo de los a\u00f1os, los egresados del Colegio San Agust\u00edn han descollado como l\u00edderes y referentes de opini\u00f3n publica en distintas \u00e1mbitos de la vida profesional, pol\u00edtica, empresarial, cient\u00edfica, tecnol\u00f3gica  y acad\u00e9mica.<\/p><\/div><\/div>\t\t\t\t<\/div>\n\t\t\t\t<\/div>\n\t\t\t\t\t<\/div>\n\t\t<\/div>\n\t\t\t\t\t<\/div>\n\t\t<\/section>\n\t\t\t\t<section class=\"elementor-section elementor-inner-section elementor-element elementor-element-7c27e25 elementor-section-boxed elementor-section-height-default elementor-section-height-default\" data-id=\"7c27e25\" data-element_type=\"section\">\n\t\t\t\t\t\t<div class=\"elementor-container elementor-column-gap-default\">\n\t\t\t\t\t<div class=\"elementor-column elementor-col-50 elementor-inner-column elementor-element elementor-element-5843dc9\" data-id=\"5843dc9\" data-element_type=\"column\">\n\t\t\t<div class=\"elementor-widget-wrap elementor-element-populated\">\n\t\t\t\t\t\t<div class=\"elementor-element elementor-element-2a734a1 elementor-widget elementor-widget-image-box\" data-id=\"2a734a1\" data-element_type=\"widget\" data-widget_type=\"image-box.default\">\n\t\t\t\t<div class=\"elementor-widget-container\">\n\t\t\t\t\t<div class=\"elementor-image-box-wrapper\"><div class=\"elementor-image-box-content\"><p class=\"elementor-image-box-description\">El Colegio San Agust\u00edn ha recibido en el a\u00f1o 2005 el C\u00f3ndor de los Andes, la mayor condecoraci\u00f3n a nivel nacional, a manos del Presidente Eduardo Rodriguez Veltze, ex alumno del Colegio.<\/p><\/div><\/div>\t\t\t\t<\/div>\n\t\t\t\t<\/div>\n\t\t\t\t\t<\/div>\n\t\t<\/div>\n\t\t\t\t<div class=\"elementor-column elementor-col-50 elementor-inner-column elementor-element elementor-element-6a4b260\" data-id=\"6a4b260\" data-element_type=\"column\">\n\t\t\t<div class=\"elementor-widget-wrap elementor-element-populated\">\n\t\t\t\t\t\t<div class=\"elementor-element elementor-element-d32a252 elementor-position-top elementor-widget elementor-widget-image-box\" data-id=\"d32a252\" data-element_type=\"widget\" data-widget_type=\"image-box.default\">\n\t\t\t\t<div class=\"elementor-widget-container\">\n\t\t\t\t\t<div class=\"elementor-image-box-wrapper\"><figure class=\"elementor-image-box-img\"><img decoding=\"async\" width=\"600\" height=\"893\" src=\"https:\/\/servidorfesa.com\/wp-content\/uploads\/2024\/03\/Condor-de-los-Andes.jpg\" class=\"attachment-full size-full wp-image-2801\" alt=\"\" srcset=\"https:\/\/servidorfesa.com\/wp-content\/uploads\/2024\/03\/Condor-de-los-Andes.jpg 600w, https:\/\/servidorfesa.com\/wp-content\/uploads\/2024\/03\/Condor-de-los-Andes-202x300.jpg 202w, https:\/\/servidorfesa.com\/wp-content\/uploads\/2024\/03\/Condor-de-los-Andes-100x149.jpg 100w, https:\/\/servidorfesa.com\/wp-content\/uploads\/2024\/03\/Condor-de-los-Andes-150x223.jpg 150w, https:\/\/servidorfesa.com\/wp-content\/uploads\/2024\/03\/Condor-de-los-Andes-200x298.jpg 200w, https:\/\/servidorfesa.com\/wp-content\/uploads\/2024\/03\/Condor-de-los-Andes-300x447.jpg 300w, https:\/\/servidorfesa.com\/wp-content\/uploads\/2024\/03\/Condor-de-los-Andes-450x670.jpg 450w\" sizes=\"(max-width: 600px) 100vw, 600px\" \/><\/figure><div class=\"elementor-image-box-content\"><h3 class=\"elementor-image-box-title\">Medallas Condor de los Andes<\/h3><\/div><\/div>\t\t\t\t<\/div>\n\t\t\t\t<\/div>\n\t\t\t\t\t<\/div>\n\t\t<\/div>\n\t\t\t\t\t<\/div>\n\t\t<\/section>\n\t\t\t\t\t<\/div>\n\t\t<\/div>\n\t\t\t\t\t<\/div>\n\t\t<\/section>\n\t\t\t\t<section class=\"elementor-section elementor-top-section elementor-element elementor-element-7f0f667 elementor-section-boxed elementor-section-height-default elementor-section-height-default\" data-id=\"7f0f667\" data-element_type=\"section\" data-settings=\"{&quot;background_background&quot;:&quot;classic&quot;}\">\n\t\t\t\t\t\t<div class=\"elementor-container elementor-column-gap-default\">\n\t\t\t\t\t<div class=\"elementor-column elementor-col-100 elementor-top-column elementor-element elementor-element-8aebf11\" data-id=\"8aebf11\" data-element_type=\"column\">\n\t\t\t<div class=\"elementor-widget-wrap\">\n\t\t\t\t\t\t\t<\/div>\n\t\t<\/div>\n\t\t\t\t\t<\/div>\n\t\t<\/section>\n\t\t\t\t<\/div>\n\t\t","protected":false},"excerpt":{"rendered":"<p>Quienos Somos En 1954 los padres agustinos holandeses fundan el Colegio San Agust\u00edn en la ciudad de Cochabamba, con la misi\u00f3n de aportar a la Educaci\u00f3n y Desarrollo del Pa\u00eds. Cre\u00edan firmemente que la orientaci\u00f3n de la Educaci\u00f3n hacia las &hellip;<\/p>\n<p class=\"read-more\"> <a class=\"more-link\" href=\"https:\/\/servidorfesa.com\/index.php\/origenes\/\"> <span class=\"screen-reader-text\">Origenes<\/span> Read More &raquo;<\/a><\/p>\n","protected":false},"author":1,"featured_media":0,"parent":0,"menu_order":0,"comment_status":"closed","ping_status":"closed","template":"elementor_header_footer","meta":{"pmpro_default_level":"","footnotes":""},"class_list":["post-20","page","type-page","status-publish","hentry","pmpro-has-access"],"featured_image_src":"","featured_image_src_square":false,"rbea_author_info":{"display_name":"juan.choque","author_link":"https:\/\/servidorfesa.com\/index.php\/author\/juan-choque\/"},"rbea_excerpt_info":"Quienos Somos En 1954 los padres agustinos holandeses fundan el Colegio San Agust\u00edn en la ciudad de Cochabamba, con la misi\u00f3n de aportar a la Educaci\u00f3n y Desarrollo del Pa\u00eds. Cre\u00edan firmemente que la orientaci\u00f3n de la Educaci\u00f3n hacia las &hellip;<p class=\"read-more\"> <a class=\"more-link\" href=\"https:\/\/servidorfesa.com\/index.php\/origenes\/\"> <span class=\"screen-reader-text\">Origenes<\/span> Read More &raquo;<\/a><\/p>","_links":{"self":[{"href":"https:\/\/servidorfesa.com\/index.php\/wp-json\/wp\/v2\/pages\/20","targetHints":{"allow":["GET"]}}],"collection":[{"href":"https:\/\/servidorfesa.com\/index.php\/wp-json\/wp\/v2\/pages"}],"about":[{"href":"https:\/\/servidorfesa.com\/index.php\/wp-json\/wp\/v2\/types\/page"}],"author":[{"embeddable":true,"href":"https:\/\/servidorfesa.com\/index.php\/wp-json\/wp\/v2\/users\/1"}],"replies":[{"embeddable":true,"href":"https:\/\/servidorfesa.com\/index.php\/wp-json\/wp\/v2\/comments?post=20"}],"version-history":[{"count":72,"href":"https:\/\/servidorfesa.com\/index.php\/wp-json\/wp\/v2\/pages\/20\/revisions"}],"predecessor-version":[{"id":3258,"href":"https:\/\/servidorfesa.com\/index.php\/wp-json\/wp\/v2\/pages\/20\/revisions\/3258"}],"wp:attachment":[{"href":"https:\/\/servidorfesa.com\/index.php\/wp-json\/wp\/v2\/media?parent=20"}],"curies":[{"name":"wp","href":"https:\/\/api.w.org\/{rel}","templated":true}]}}