{"id":5183,"date":"2025-08-26T17:32:15","date_gmt":"2025-08-26T15:32:15","guid":{"rendered":"https:\/\/servidorfesa.com\/?page_id=5183"},"modified":"2025-08-26T17:45:59","modified_gmt":"2025-08-26T15:45:59","slug":"eleccion-parcial-directorio-2025","status":"publish","type":"page","link":"https:\/\/servidorfesa.com\/index.php\/eleccion-parcial-directorio-2025\/","title":{"rendered":"eleccion parcial directorio 2025"},"content":{"rendered":"\t\t<div data-elementor-type=\"wp-page\" data-elementor-id=\"5183\" class=\"elementor elementor-5183\">\n\t\t\t\t\t\t<section class=\"elementor-section elementor-top-section elementor-element elementor-element-3ed1347 elementor-section-boxed elementor-section-height-default elementor-section-height-default\" data-id=\"3ed1347\" data-element_type=\"section\" data-settings=\"{&quot;background_background&quot;:&quot;gradient&quot;}\">\n\t\t\t\t\t\t\t<div class=\"elementor-background-overlay\"><\/div>\n\t\t\t\t\t\t\t<div class=\"elementor-container elementor-column-gap-default\">\n\t\t\t\t\t<div class=\"elementor-column elementor-col-100 elementor-top-column elementor-element elementor-element-f1b71fe\" data-id=\"f1b71fe\" data-element_type=\"column\" data-settings=\"{&quot;background_background&quot;:&quot;gradient&quot;}\">\n\t\t\t<div class=\"elementor-widget-wrap elementor-element-populated\">\n\t\t\t\t\t\t<div class=\"elementor-element elementor-element-25e2628 elementor-widget elementor-widget-heading\" data-id=\"25e2628\" data-element_type=\"widget\" data-widget_type=\"heading.default\">\n\t\t\t\t<div class=\"elementor-widget-container\">\n\t\t\t\t\t<h1 class=\"elementor-heading-title elementor-size-default\"><strong>Elecci\u00f3n parcial del Directorio <\/strong>\n<br \/>\n2025 - 2026<\/h1>\t\t\t\t<\/div>\n\t\t\t\t<\/div>\n\t\t\t\t\t<\/div>\n\t\t<\/div>\n\t\t\t\t\t<\/div>\n\t\t<\/section>\n\t\t\t\t<section class=\"elementor-section elementor-top-section elementor-element elementor-element-6fe1f6f elementor-section-boxed elementor-section-height-default elementor-section-height-default\" data-id=\"6fe1f6f\" data-element_type=\"section\" data-settings=\"{&quot;background_background&quot;:&quot;classic&quot;}\">\n\t\t\t\t\t\t<div class=\"elementor-container elementor-column-gap-default\">\n\t\t\t\t\t<div class=\"elementor-column elementor-col-50 elementor-top-column elementor-element elementor-element-339e12a\" data-id=\"339e12a\" data-element_type=\"column\">\n\t\t\t<div class=\"elementor-widget-wrap elementor-element-populated\">\n\t\t\t\t\t\t<div class=\"elementor-element elementor-element-996e6c7 elementor-widget elementor-widget-heading\" data-id=\"996e6c7\" data-element_type=\"widget\" data-widget_type=\"heading.default\">\n\t\t\t\t<div class=\"elementor-widget-container\">\n\t\t\t\t\t<h2 class=\"elementor-heading-title elementor-size-default\">Elecci\u00f3n parcial del Directorio 2025 - 2026<\/h2>\t\t\t\t<\/div>\n\t\t\t\t<\/div>\n\t\t\t\t<div class=\"elementor-element elementor-element-be42a1c elementor-widget elementor-widget-text-editor\" data-id=\"be42a1c\" data-element_type=\"widget\" data-widget_type=\"text-editor.default\">\n\t\t\t\t<div class=\"elementor-widget-container\">\n\t\t\t\t\t\t\t\t\t<p>Estimado(a) miembro de FESA<\/p><p>Nos complace extenderle una cordial invitaci\u00f3n a postular a la elecci\u00f3n de renovaci\u00f3n parcial de Directorio FESA 2025-2026.<\/p><p>Su conocimiento y experiencia ser\u00e1n un aporte invaluable a nuestra instituci\u00f3n y a la educaci\u00f3n en Bolivia. Si est\u00e1 interesado\/a en postular le invitamos a revisar el protocolo de postulaci\u00f3n en el siguiente link: <a href=\"https:\/\/bit.ly\/Protocolo_FESA_2025\" target=\"_blank\" rel=\"noopener\">https:\/\/bit.ly\/Protocolo_FESA_2025<\/a><\/p><p>Fecha limite de postulaci\u00f3n: 27 de agosto &#8211; 19:00.<\/p>\t\t\t\t\t\t\t\t<\/div>\n\t\t\t\t<\/div>\n\t\t\t\t\t<\/div>\n\t\t<\/div>\n\t\t\t\t<div class=\"elementor-column elementor-col-50 elementor-top-column elementor-element elementor-element-5089108\" data-id=\"5089108\" data-element_type=\"column\">\n\t\t\t<div class=\"elementor-widget-wrap elementor-element-populated\">\n\t\t\t\t\t\t<div class=\"elementor-element elementor-element-888986f elementor-widget elementor-widget-image\" data-id=\"888986f\" data-element_type=\"widget\" data-widget_type=\"image.default\">\n\t\t\t\t<div class=\"elementor-widget-container\">\n\t\t\t\t\t\t\t\t\t\t\t\t\t\t\t<img fetchpriority=\"high\" decoding=\"async\" width=\"1583\" height=\"2048\" src=\"https:\/\/servidorfesa.com\/wp-content\/uploads\/2025\/08\/eleccion-parcial-directorio-2025.jpg\" class=\"attachment-full size-full wp-image-5185\" alt=\"\" srcset=\"https:\/\/servidorfesa.com\/wp-content\/uploads\/2025\/08\/eleccion-parcial-directorio-2025.jpg 1583w, https:\/\/servidorfesa.com\/wp-content\/uploads\/2025\/08\/eleccion-parcial-directorio-2025-232x300.jpg 232w, https:\/\/servidorfesa.com\/wp-content\/uploads\/2025\/08\/eleccion-parcial-directorio-2025-792x1024.jpg 792w, https:\/\/servidorfesa.com\/wp-content\/uploads\/2025\/08\/eleccion-parcial-directorio-2025-768x994.jpg 768w, https:\/\/servidorfesa.com\/wp-content\/uploads\/2025\/08\/eleccion-parcial-directorio-2025-1187x1536.jpg 1187w, https:\/\/servidorfesa.com\/wp-content\/uploads\/2025\/08\/eleccion-parcial-directorio-2025-100x129.jpg 100w, https:\/\/servidorfesa.com\/wp-content\/uploads\/2025\/08\/eleccion-parcial-directorio-2025-150x194.jpg 150w, https:\/\/servidorfesa.com\/wp-content\/uploads\/2025\/08\/eleccion-parcial-directorio-2025-200x259.jpg 200w, https:\/\/servidorfesa.com\/wp-content\/uploads\/2025\/08\/eleccion-parcial-directorio-2025-300x388.jpg 300w, https:\/\/servidorfesa.com\/wp-content\/uploads\/2025\/08\/eleccion-parcial-directorio-2025-450x582.jpg 450w, https:\/\/servidorfesa.com\/wp-content\/uploads\/2025\/08\/eleccion-parcial-directorio-2025-600x776.jpg 600w, https:\/\/servidorfesa.com\/wp-content\/uploads\/2025\/08\/eleccion-parcial-directorio-2025-900x1164.jpg 900w\" sizes=\"(max-width: 1583px) 100vw, 1583px\" \/>\t\t\t\t\t\t\t\t\t\t\t\t\t\t\t<\/div>\n\t\t\t\t<\/div>\n\t\t\t\t\t<\/div>\n\t\t<\/div>\n\t\t\t\t\t<\/div>\n\t\t<\/section>\n\t\t\t\t<\/div>\n\t\t","protected":false},"excerpt":{"rendered":"<p>Elecci\u00f3n parcial del Directorio 2025 &#8211; 2026 Elecci\u00f3n parcial del Directorio 2025 &#8211; 2026 Estimado(a) miembro de FESA Nos complace extenderle una cordial invitaci\u00f3n a postular a la elecci\u00f3n de renovaci\u00f3n parcial de Directorio FESA 2025-2026. Su conocimiento y experiencia &hellip;<\/p>\n<p class=\"read-more\"> <a class=\"more-link\" href=\"https:\/\/servidorfesa.com\/index.php\/eleccion-parcial-directorio-2025\/\"> <span class=\"screen-reader-text\">eleccion parcial directorio 2025<\/span> Read More &raquo;<\/a><\/p>\n","protected":false},"author":1,"featured_media":0,"parent":0,"menu_order":0,"comment_status":"closed","ping_status":"closed","template":"elementor_header_footer","meta":{"pmpro_default_level":"","footnotes":""},"class_list":["post-5183","page","type-page","status-publish","hentry","pmpro-has-access"],"featured_image_src":"","featured_image_src_square":false,"rbea_author_info":{"display_name":"juan.choque","author_link":"https:\/\/servidorfesa.com\/index.php\/author\/juan-choque\/"},"rbea_excerpt_info":"Elecci\u00f3n parcial del Directorio 2025 &#8211; 2026 Elecci\u00f3n parcial del Directorio 2025 &#8211; 2026 Estimado(a) miembro de FESA Nos complace extenderle una cordial invitaci\u00f3n a postular a la elecci\u00f3n de renovaci\u00f3n parcial de Directorio FESA 2025-2026. Su conocimiento y experiencia &hellip;<p class=\"read-more\"> <a class=\"more-link\" href=\"https:\/\/servidorfesa.com\/index.php\/eleccion-parcial-directorio-2025\/\"> <span class=\"screen-reader-text\">eleccion parcial directorio 2025<\/span> Read More &raquo;<\/a><\/p>","_links":{"self":[{"href":"https:\/\/servidorfesa.com\/index.php\/wp-json\/wp\/v2\/pages\/5183","targetHints":{"allow":["GET"]}}],"collection":[{"href":"https:\/\/servidorfesa.com\/index.php\/wp-json\/wp\/v2\/pages"}],"about":[{"href":"https:\/\/servidorfesa.com\/index.php\/wp-json\/wp\/v2\/types\/page"}],"author":[{"embeddable":true,"href":"https:\/\/servidorfesa.com\/index.php\/wp-json\/wp\/v2\/users\/1"}],"replies":[{"embeddable":true,"href":"https:\/\/servidorfesa.com\/index.php\/wp-json\/wp\/v2\/comments?post=5183"}],"version-history":[{"count":10,"href":"https:\/\/servidorfesa.com\/index.php\/wp-json\/wp\/v2\/pages\/5183\/revisions"}],"predecessor-version":[{"id":5194,"href":"https:\/\/servidorfesa.com\/index.php\/wp-json\/wp\/v2\/pages\/5183\/revisions\/5194"}],"wp:attachment":[{"href":"https:\/\/servidorfesa.com\/index.php\/wp-json\/wp\/v2\/media?parent=5183"}],"curies":[{"name":"wp","href":"https:\/\/api.w.org\/{rel}","templated":true}]}}